1 a multiple of 7?
False
Does 13 divide 229335?
False
Is 1189332 a multiple of 36?
True
Does 85 divide 36210?
True
Is 3739982 a multiple of 59?
False
Does 421 divide 734059?
False
Is 8530050 a multiple of 1172?
False
Does 579 divide 3743235?
True
Is 3 a factor of 448446?
True
Is 2297684 a multiple of 50?
False
Is 464386 even?
True
Is 42709 a multiple of 485?
False
Does 494 divide 228638?
False
Does 309 divide 3932334?
True
Does 86 divide 281207?
False
Is 90581 a multiple of 3?
False
Is 51 a factor of 364750?
False
Is 549 a factor of 2033496?
True
Is 60 a factor of 373080?
True
Does 125 divide 98000?
True
Is 296706 a multiple of 34?
False
Is 525888 a multiple of 288?
True
Is 3 a factor of 536032?
False
Does 59 divide 89981?
False
Is 3675 a multiple of 36?
False
Is 48 a factor of 36816?
True
Is 1200785 a multiple of 127?
True
Is 341395 a multiple of 622?
False
Does 58 divide 1609786?
False
Is 509735 a multiple of 5?
True
Is 2391394 a multiple of 1056?
False
Is 124 a factor of 178502?
False
Is 13599274 a multiple of 202?
False
Is 2485009 a multiple of 127?
True
Is 20 a factor of 669220?
True
Does 13 divide 4945577?
True
Is 8 a factor of 312846?
False
Is 105 a factor of 1895125?
False
Is 2012582 a multiple of 13?
True
Does 2 divide 12861?
False
Does 899 divide 2293529?
False
Does 18 divide 757216?
False
Is 120 a factor of 725008?
False
Is 16 a factor of 1874873?
False
Is 869505 a multiple of 35?
True
Does 16 divide 351953?
False
Is 26270 a multiple of 8?
False
Is 154146 a multiple of 23?
True
Is 1087 a factor of 1268529?
True
Does 131 divide 13202533?
False
Is 6975 a multiple of 5?
True
Is 4915 a multiple of 5?
True
Does 150 divide 5896570?
False
Is 8 a factor of 461320?
True
Does 33 divide 4686?
True
Is 8817630 a multiple of 269?
False
Is 19980200 a multiple of 107?
False
Does 61 divide 219234?
True
Is 313572 a multiple of 84?
True
Is 26 a factor of 979342?
True
Does 77 divide 18512263?
True
Is 47 a factor of 3775369?
True
Does 533 divide 2647411?
True
Does 424 divide 279840?
True
Is 78 a factor of 377348?
False
Does 826 divide 11469836?
True
Is 1439095 a multiple of 14?
False
Is 756082 a multiple of 18?
False
Does 85 divide 105755?
False
Is 4388109 a multiple of 103?
True
Is 14784924 a multiple of 1043?
False
Is 8676042 a multiple of 22?
False
Is 10 a factor of 6147216?
False
Is 10 a factor of 2320266?
False
Is 8034196 a multiple of 82?
True
Is 65 a factor of 112710?
True
Is 344 a factor of 182320?
True
Is 86 a factor of 561949?
False
Is 281210 a multiple of 10?
True
Does 104 divide 2988232?
True
Is 11 a factor of 308077?
True
Is 206 a factor of 49591?
False
Is 385 a factor of 6248550?
True
Is 16 a factor of 454560?
True
Is 49 a factor of 8430870?
False
Does 133 divide 56063?
False
Does 67 divide 292656?
True
Is 17 a factor of 181834?
False
Does 209 divide 1119195?
True
Is 376576 a multiple of 748?
False
Is 150702 a multiple of 184?
False
Is 53 a factor of 3429498?
False
Is 902 a factor of 2792995?
False
Does 86 divide 136568?
True
Does 154 divide 2293927?
False
Is 54390 a multiple of 84?
False
Is 75 a factor of 1145641?
False
Is 47 a factor of 30889?
False
Does 5 divide 11297?
False
Is 795190 a multiple of 4?
False
Is 2055670 a multiple of 15?
False
Is 13235745 a multiple of 15?
True
Does 33 divide 174661?
False
Is 193 a factor of 128731?
True
Is 2313896 a multiple of 33?
False
Is 36 a factor of 124668?
True
Does 818 divide 200410?
True
Does 79 divide 5089891?
True
Does 23 divide 3125585?
True
Does 482 divide 699864?
True
Is 3 a factor of 41317?
False
Does 390 divide 532239?
False
Is 2485260 a multiple of 9?
True
Is 15 a factor of 46125?
True
Does 150 divide 1635887?
False
Does 12 divide 386016?
True
Is 1496 a factor of 728139?
False
Is 11620320 a multiple of 1290?
True
Is 19 a factor of 147649?
True
Is 1757305 a multiple of 11?
True
Is 198127 a multiple of 267?
False
Does 733 divide 6380765?
True
Is 103 a factor of 101558?
True
Is 27 a factor of 237354?
False
Is 338673 a multiple of 237?
True
Does 34 divide 5869964?
True
Is 28 a factor of 350384?
False
Does 645 divide 884940?
True
Is 2918910 a multiple of 447?
True
Does 30 divide 297270?
True
Does 29 divide 1597349?
True
Is 67 a factor of 97485?
True
Does 499 divide 341656?
False
Is 15 a factor of 164955?
True
Does 709 divide 29561265?
False
Is 16462325 a multiple of 304?
False
Is 85 a factor of 1798159?
False
Is 210822 a multiple of 6?
True
Is 20 a factor of 4463640?
True
Is 244 a factor of 700524?
True
Is 426564 a multiple of 204?
True
Does 42 divide 602252?
False
Is 192 a factor of 1974432?
False
Is 11316 a multiple of 168?
False
Is 197 a factor of 339431?
True
Does 475 divide 642158?
False
Does 29 divide 148517?
False
Is 8 a factor of 1992?
True
Is 103 a factor of 1689035?
False
Is 2271858 a multiple of 63?
False
Does 314 divide 6152323?
False
Does 108 divide 4896072?
True
Does 11 divide 38925?
False
Is 237 a factor of 2649186?
True
Is 490685 a multiple of 136?
False
Is 1677312 a multiple of 28?
True
Is 2932834 a multiple of 44?
False
Is 221090 a multiple of 5?
True
Does 36 divide 841428?
True
Is 37 a factor of 240574?
True
Is 55 a factor of 36943?
False
Does 24 divide 287784?
True
Does 15 divide 933543?
False
Is 321606 a multiple of 3?
True
Does 1221 divide 5280430?
False
Is 254521 a multiple of 21?
False
Is 1022 a multiple of 14?
True
Does 17 divide 451061?
True
Is 6944350 a multiple of 202?
False
Is 310 a factor of 1403680?
True
Is 425355 a multiple of 15?
True
Is 1210260 a multiple of 10?
True
Does 17 divide 1821924?
True
Is 4056924 a multiple of 23?
True
Is 20 a factor of 1386340?
True
Does 4 divide 199148?
True
Is 1096719 a multiple of 13?
True
Is 203 a factor of 126063?
True
Is 2977632 a multiple of 39?
False
Is 1127 a factor of 13429332?
True
Does 4 divide 5623?
False
Is 109 a factor of 8409981?
False
Is 1067234 a multiple of 482?
False
Is 340 a factor of 8126744?
False
Is 1684384 a multiple of 104?
True
Is 279702 a multiple of 249?
False
Does 5 divide 71580?
True
Is 551035 a multiple of 18?
False
Is 19520 a multiple of 32?
True
Is 2650082 a multiple of 47?
False
Is 196499 a multiple of 458?
False
Is 44 a factor of 898568?
True
Is 92 a factor of 1561699?
False
Is 755601 a multiple of 21?
True
Is 12060 a multiple of 22?
False
Is 663736 a multiple of 163?
True
Is 17 a factor of 379627?
True
Is 133 a factor of 5718601?
True
Is 22 a factor of 16825?
False
Is 24010 a multiple of 9?
False
Is 160 a factor of 309664?
False
Does 48 divide 575424?
True
Does 968 divide 19312611?
False
Does 729 divide 4684181?
False
Does 10 divide 69436?
False
Is 1443546 a multiple of 398?
True
Does 73 divide 604440?
True
Does 27 divide 207117?
True
Does 5 divide 14160?
True
Does 193 divide 1839188?
False
Is 14 a factor of 8888768?
True
Is 12 a factor of 385836?
True
Is 123 a factor of 947223?
True
Is 31 a factor of 769637?
True
Is 32 a factor of 749408?
True
Is 357 a factor of 834098?
False
Is 8 a factor of 245932?
False
Is 531173 a multiple of 18?
False
Is 5 a factor of 2078325?
True
Is 2 a factor of 80791?
False
Does 103 divide 54178?
True
Is 2 a factor of 11411?
False
Is 412 a factor of 65612?
False
Does 32 divide 14633920?
True
Is 892220 a multiple of 70?
True
Is 982603 a multiple of 60?
False
Is 67 a factor of 42599?
False
Is 156 a factor of 155004?
False
Does 53 divide 242313?
False
Is 856 a factor of 1678244?
False
Is 416 a factor of 6649301?
False
Does 145 divide 3676475?
True
Does 948 divide 2122572?
True
Is 55 a factor of 1131460?
True
Does 2272 divide 10962128?
False
Does 52 divide 345696?
True
Is 4712328 a multiple of 561?
False
Is 5 a factor of 106396?
False
Does 11 divide 18270846?
True
Is 228 a factor of 2942796?
True
Is 23101 a multiple of 3?
False
Does 71 divide 74008?
False
Is 164 a factor of 117511?
False
Does 13 divide 260234?
True
Does 43 divide 144738?
True
Does 147 divide 953749?
False
Is 37 a factor of 3868609?
True
Does 12 divide 2915580?
True
Is 264994 a multiple of 26?
False
Does 762 divide 19046952?
True
Does 172 divide 14224056?
True
Is 4 a factor of 90833?
False
Is 664 a factor of 4851848?
True
Is 218 a factor of 212982?
False
Is 23 a factor of 13534?
False
Does 337 divide 1075030?
True
Is 94556 a multiple of 14?
True
Is 273137 a multiple of 244?
False
Does 78 divide 29126?
